
-18
1 + -13 + 24 + -25
-13
What is -23 + -47 + 23 - -39?
-8
8 + (-9 - (1 + (4 - -13)))
-19
What is the value of (19 + -9 - 13) + -5 - -5?
-3
-7 + 28 + -54 + 9
-24
What is -6 + (-5 + 4 - (1 + -8)) + -7?
-7
Calculate 8 - (1 - (0 + -5)) - (1 + -9).
10
What is -22 - (1 + 2 - -2 - (235 + -230))?
-22
Calculate 13 - (-6 + 11) - (3 - (-5 + -20)).
-20
19 + (-133 - -122 - (-13 + -2))
23
Evaluate -5 - -7 - -8 - (11 + 5).
-6
What is the value of (4 - 0) + 16 + (-21 - -7) + 8?
14
What is the value of 11 + -39 + 23 - (3 - 18)?
10
What is the value of 146 - 145 - (3 + 19 + -1)?
-20
Evaluate -1 - (0 + (-2 - 4) + -6 - 0).
11
-46 - -34 - -2 - (-25 - (0 + -4))
11
Evaluate 4 + (2 - -2 - (-18 + 11)).
15
Calculate (6 - (3 + 6) - -4) + 4.
5
Evaluate -12 + (8 - (6 + -7)) + 8 + 0.
5
What is the value of (-3 + -13 - -6) + 9 + 7?
6
8 + 6 + -18 + 5 + -17
-16
Evaluate 4 + (-1 - -1) + 5 + -1 + -1.
7
Evaluate (-50 - -80) + 2 + (7 - 2) + -7.
30
Evaluate 44 + -53 + (-2 + 0 - -7) + -8.
-12
What is the value of -14 - ((-9 - -2) + 19 + -19)?
-7
25 + 1 + 4 + -33
-3
Evaluate -2 - ((0 - 6) + -2 - -7).
-1
Calculate (8 - 14 - 11) + -16.
-33
What is 6 - ((-44 - -28) + -2)?
24
What is 7 - (20 - 28 - -22)?
-7
Calculate -19 + 13 + -12 - -35.
17
What is 2 + -2 - 5 - 0?
-5
Evaluate (6 - 26) + 13 + 4 + 3.
0
What is (-6 - (-6 + 1 + (-12 - -5))) + -1?
5
37 + -21 + -38 - -27
5
Calculate -15 + (23 - -27) + -16.
19
Evaluate (15 - 25) + -22 + 6.
-26
Calculate (55 + -17 - 28) + 3.
13
What is 2 + -1 + (-7 - (-20 - -2)) + -27?
-15
What is (-5 + 1 - 3 - 3) + (10 - 1)?
-1
Calculate (-26 - (-27 - -34)) + 3.
-30
Evaluate 1 - 3 - ((-12 - -5) + 2 - -7).
-4
What is the value of 14 + -10 + 7 + (9 - (22 + -6))?
4
Calculate 0 + 3 + (10 - 1) + (-68 - -56).
0
Evaluate 19 + -8 + -7 + (3 - 15) + 3.
-5
Calculate 7 + 15 + 5 + (-12 - -3).
18
Evaluate 3 + (0 - -6) + -16 + -13.
-20
What is the value of 1 + 8 + (-25 + 9 - -22) + -2?
13
(12 - (-2 + -4 + 14)) + -12
-8
0 - (2 + (2 - (-4 - -14)))
6
Calculate 1 + -1 + 11 - ((154 - -36) + -183).
4
What is (-11 - (32 - 32)) + 11?
0
Evaluate -12 + 19 + (12 - 7).
12
Calculate (-5 - (-13 - 6)) + -2 + -2 + -2.
8
Evaluate 6 + 6 - (-55 + 48).
19
Calculate 7 + -21 + (-7 - (7 + -22)).
-6
What is the value of (-11 - -6) + (0 - -23) - (49 + -45)?
14
What is (10 - -2) + 1 + 2 + 112 + -113?
14
-10 - (-11 + 5 - -7) - -12
1
Evaluate -5 + (19 + -23 + 7 - (0 - -1)).
-3
Evaluate 7 - (-7 + 6) - (3 + 5).
0
What is 3 + (4 - 8) + -2 + (-4 - -2)?
-5
Calculate 37 + (60 - 70) + 8 + (1 - 3).
33
What is the value of (3 + -4 + 6 - 9 - 0) + 2?
-2
Calculate -2 - (-16 + (-6 + 0 + 2 - -3)).
15
Calculate 1 + 1 - (27 - (16 - -11)).
2
Calculate 14 + -9 + -15 + 8 + -5 - -1.
-6
Calculate (-1 - -20 - -6 - 2) + (21 - 30).
14
Evaluate 13 + (-15 - (-24 - -23)).
-1
Evaluate 13 + -14 + 31 + -23.
7
What is 0 + 25 - (-22 - (-58 - -32)) - -4?
25
What is the value of 5 + (-13 + 16 - 16 - -22)?
14
Calculate -5 - (-6 - 4 - (6 + -12 - -41)).
40
Evaluate -7 - (1 - -1 - (11 + 1)).
3
Evaluate 7 + (-11 - -5) + -18 - 9.
-26
What is the value of -2 + (18 - (-5 - (-36 + 7)))?
-8
Evaluate (11 - (5 + 1)) + (-5 - (1 - 0)).
-1
Evaluate -13 + (0 + -4 - 4 - -2) - -1.
-18
(-50 - -6) + 27 + (5 - -1)
-11
What is -49 + (-46 - -92) + (-2 + 1 - -6)?
2
What is -33 + 40 - (20 - 19)?
6
5 - (3 + -6) - 4 - -5
9
What is -10 - -23 - 11 - (-1 + 13)?
-10
-5 - (4 - (38 + (-14 - -8)))
23
1 + (17 - 11) - 18
-11
(6 - 0) + -3 + -156 + 180
27
What is (-1 - -3) + -14 + 1 + 1 + -5?
-15
Evaluate -1 - -5 - (25 + -5).
-16
What is the value of 21 + (34 + -55 - 25)?
-25
What is (828 - 831) + 0 + 0 + 2 + -7?
-8
Evaluate 26 - (7 + 4 + (-9 - -10)).
14
-12 - ((-11 - -5) + 7 + -25)
12
3 + -2 + 4 - (-468 + 473)
0
What is -20 + (-8 + 15 - -7)?
-6
What is -24 - (-762 + 757 + 0 + 0 + 2)?
-21
(8 - (-7 + 27)) + 25
13
-4 + 8 + (-3 - 2) + 7 + -7
-1
What is the value of -6 + (4 + 0 - -7)?
5
Evaluate 744 - 733 - (1 + 24).
-14
5 - (6 + (-53 - -18))
34
Evaluate -13 + 11 + (-8 - -21) - (-1 - -5).
7
Calculate -6 - (-4 - -5) - (-2 + 8).
-13
Calculate 24 + -34 - 17 - -15.
-12
What is the value of -734 + 727 - (0 + (-2 - 0) + -5)?
0
Evaluate -1 + (12 - 3) + 4 + -23.
-11
What is (18 - 43) + 29 + -4 + 1?
1
Calculate (16 - (49 - 17)) + -2 + 2.
-16
Evaluate 42 + (-4 - (29 + -13)).
22
Evaluate 1 + 10 - 3 - (-9 - -4).
13
Calculate 0 + -8 - ((-34 - -14) + 19).
-7
What is 15 + (-9 - ((-16 - -6) + 7))?
9
Evaluate (-8 - (-1 + -1 + (-1 - 3))) + 14.
12
What is (-2 - 16 - -7) + -6 + -5 + 16?
-6
-16 - (-5 - 1) - (28 + -16)
-22
What is (-2 - -20 - 4 - 5) + 9?
18
Calculate (11 + 15 - 13) + -10 + 26.
29
What is the value of (-16 - -8) + (0 - 1 - -6)?
-3
Evaluate (-9 - -19 - 10) + 9.
9
(36 - 20) + -3 + -4 + -6
3
What is (12 + -5 - 8) + (0 - (-2 + 2))?
-1
What is the value of -8 + (7 + -12 - -2)?
-11
What is the value of -20 + (-25 - -6) + 57?
18
2187 - 2223 - (0 + -1)
-35
Evaluate (-26 - -16) + 5 + 12.
7
Calculate -2 - ((1 - (23 - 13)) + 2).
5
Evaluate (-13 - (-25 - -11)) + (-2 - (2 + -2)).
-1
What is the value of 7 + 1 + 0 + 9 + -7 + -2?
8
Calculate 3 + (-5 - (1 + -9)) - -8.
14
What is the value of (-10 - (12 + (-29 - -8))) + 8?
7
Evaluate -23 + 7 + 6 + 1.
-9
What is the value of (40 + -54 - 5) + 0 + -7?
-26
-4 + 9 + (-9 - (5 - 10))
1
What is the value of (1 - -17 - 10) + 0 + -29 + 2?
-19
What is 4 - ((1 - -2) + -6) - (23 + -31)?
15
3 + (28 - 51) - -17
-3
Calculate 11 + -18 + 4 + 3.
0
-57 + 61 - (-6 + 5 + 17)
-12
Calculate (1 - -36) + 66 + (-109 - -40).
34
What is 3 - (46 - 19 - 5)?
-19
What is the value of (12 - (2 + 0 - -7)) + -1?
2
What is 17 + (6 - 8) + -8 - (3 + 6)?
-2
(-9 - -5) + 8 + -26 + 9
-13
What is -17 + (-6 - (8 + (-8 - 6) - 8))?
-9
Calculate 25 - (3 + (34 - 16)).
4
-818 + 803 + 0 + 14
-1
-16 + (-5 - 1) + (2 - 7) + 16
-11
What is -13 - (-15 - -22) - -37?
17
(-27 - -25 - 8) + 15
5
What is 5 - (0 + 13 + -6 + -12)?
10
What is the value of (-28 - (21 + -34)) + 11?
-4
Evaluate -12 - (-32 - (-5 + -8)).
7
Evaluate -5 + (3 - 10) + 2 - -5.
-5
-13 + 8 + 14 + 10 + 2 + -10
11
What is -4 - (-27 + (26 - 13)) - (4 - -1)?
5
Evaluate (470 - 504) + (26 - 1).
-9
What is the value of -9 + 3 + 18 - -1?
13
Evaluate 0 + 0 - (41 + -54 + 21).
-8
What is the value of 18 - -1 - 36 - -66 - 18?
31
Evaluate 27 + (-5 - 16 - -8).
14
What is the value of -7 - (-16 - (-23 - -19))?
5
What is 11 + (19 + 5 - (-5 - -19))?
21
11 - 13 - (1 + -3 + -1 + -13)
14
(-9 - (19 + -15 - 10)) + 20
17
Evaluate -84 + 93 - (0 - (3 + -10)).
2
What is the value of (-2 + 10 - 2) + 1 + 3?
10
What is the value of 3 + (-13 - -9 - 0) + -9?
-10
What is (-2 - -12) + -8 + -3?
-1
What is the value of 5 + 1 + -1 - (-1 + 3)?
3
What is the value of -20 + (-3 + 7 - 1) + 9 + -3?
-11
What is (14 + -12 - 5) + -1 + -8?
-12
Evaluate -9 - (-7 + 10) - -2.
-10
What is 16 + 0 + (6 - -42 - 70)?
-6
Evaluate 23 + -18 + 7 - (-4 + 3).
13
Evaluate (-35 - -17 - 1) + 36.
17
Calculate (-4 - (2 - (-3 - -7))) + -2 - 14.
-18
What is the value of 8 - (4 + (5 - 9)) - (-11 - 4)?
23
What is -9 - -2 - (291 + -279 - (-13 + 0))?
-32
What is the value of (12 - 25) + -12 + -3 + (3 - -2)?
-23
Evaluate (-7 - -10) + (5 - (-17 + 10 - -37)).
-22
Calculate (4 - (15 + -6)) + (19 - 16) + 1.
-1
Evaluate 3 + (3 + (-4 - -5) - 3 - -1).
5
What is the value of (0 - 8) + (7 - 13) - -7?
-7
What is 14 + -22 + -16 + -2?
-26
5 - ((-16 - -15) + -5)
11
What is the value of -10 + 22 + 10 - -4?
26
Calculate (-13 - (9 + -32 + 9 - -5)) + 9.
5
-14 - (-26 + -51 + 37)
26
What is the value of 8 - (11 + -9 - (7 - 4 - 4))?
5
What is 46 - (18 - -2 - -8)?
18
Evaluate 3 + 2 + -13 + 7 - (0 - 1).
0
Calculate -4 + -5 - (0 + -2).
-7
Calculate 20 - (3 + (15 - -23)).
-21
What is the value of (7 - (-1 + 9 + -4)) + (1 - 2)?
2
What is (0 - (1 + -9 + 2)) + (-122 - -121)?
5
Evaluate (1 - 24) + (11 - 12) + (16 - 8).
-16
What is the value of -3 + 12 + 6 + -3?
12
Calculate -4 + -7 + 1 + (10 - 7) - -25.
18
What is -8 + (-6 - -4) + 0 - (-66 - -42)?
14
Calculate (-10 - -8) + (1 + 15 - (91 + -85)).
8
What is -14 + 15 + 2 - -10 - 9?
4
Evaluate 13 + 38 + -20 - 30.
1
What is the value of 42 - (8 - -2) - (-8 - (-7 - 6))?
27
15 + -1 - (2 - ((3 - -5) + -3))
17
Evaluate (8 - (9 + -17 + 8)) + 6 + 7.
21
What is -1 - (3 + 1 - 3 - (-25 - -46))?
19
What is -9 + (8 - 0) - (21 - 7)?
-15
Calculate (4 - -7 - 5) + -3 + 1.
4
What is -2 - (-2 + (-3 - 